/(-6) - -13) + 48779.
3, 13, 139
Suppose -2*i + 13 - 3 = 0, -5*o = i - 45. Suppose 1696 = 4*a - 4*q, -3*a = 3*q - o*q - 1266. List the prime factors of a.
7, 61
Let m be ((-4)/(-5))/(8*8/640). Suppose -2*s + 271 = -5*p, 0 = -10*s + m*s - p + 265. What are the prime factors of s?
7, 19
Suppose 5*f - 25 = -3*n, 28*f + n = 31*f - 29. List the prime factors of (-2869)/(-19) - f/2.
3, 7
Suppose 5*i + 1440 = 20*i. Suppose 3*k = -0*k + i. List the prime factors of k.
2
Let v = -1452 + 2382. Suppose -2*x - 3*u = -600, -18*x + 15*x + v = -3*u. List the prime factors of x.
2, 3, 17
Let t be ((-80652)/16)/13 + 1/(-4). List the prime factors of t/(-6)*(3 + (-15)/(-10)).
3, 97
Let s = 168 - 77. Let z = 60 + -11. Let x = s - z. List the prime factors of x.
2, 3, 7
List the prime factors of (-6)/(0 + -1) - 78/143*-21769.
2, 3, 5, 11
Suppose 0 = 499*w - 503*w + 800. Suppose 9*k - w = 250. List the prime factors of k.
2, 5
Let b(k) = -k**2 + 15*k - 38. Let j be b(12). Let y be -1 + (3 + j - 111). Let q = -43 - y. What are the prime factors of q?
2, 17
Let u be 7/1 - 11 - -12. Suppose -6848 - 4552 = -u*p. List the prime factors of p.
3, 5, 19
Let m(o) = 47*o - 23. Suppose h = -5*h + 36. Suppose -5*y = u - 13, 2 = -5*y - 2*u + h*u. List the prime factors of m(y).
71
Let o be 20 + -24 - (1 + 1). Let a be (-8919)/54 + ((-1)/o)/1. List the prime factors of 6 - 6 - (-1 + a).
2, 83
Suppose 0 = -2*n - 12*n + 18144. Let s = n - 650. List the prime factors of s.
2, 17, 19
Let i(c) = 180*c - 360. Let y(s) = 60*s - 119. Let k(p) = 5*i(p) - 14*y(p). List the prime factors of k(10).
2, 233
Suppose -13*f = -106421 + 10237 - 68643. List the prime factors of f.
31, 409
Suppose 6*g - 3474 + 174 = 0. Let q = 1310 - g. List the prime factors of q.
2, 5, 19
Let n(c) = -21. Let q(u) = u. Let h(p) = 4*p - 17. Let g be h(4). Let o(v) = g*n(v) - q(v). List the prime factors of o(9).
2, 3
Let s = 240 - 248. Let d(c) = -172*c - 59. List the prime factors of d(s).
3, 439
Let i(u) = 2*u**3 - 2*u**2 - 6*u + 6. Suppose 1 = x - k + 5*k, -2*x + 5*k + 15 = 0. Suppose x*z = 15 - 0. List the prime factors of i(z).
2, 3
Let c(i) = -15 - 325*i + 39 - 132*i + 52*i + 54. What are the prime factors of c(-3)?
3, 431
Let k(p) = -962*p + 11. Let a(q) = -481*q + 8. Let h(j) = 7*a(j) - 4*k(j). What are the prime factors of h(3)?
3, 5, 97
Suppose 0 = 8*f + 8385 + 783. Let p = -552 - f. List the prime factors of p.
2, 3, 11
Let n(z) = z - 1. Let q(b) = -3*b - 18. Let d(o) = 2*n(o) - 2*q(o). What are the prime factors of d(19)?
2, 3, 31
Suppose -4*x + 2*l = 4*l + 2, 2*l = -10. Suppose -x*m = -m - 12. Suppose -m*s - 212 = -16*s. What are the prime factors of s?
53
Let h(t) = 11*t**2 + 2*t + 36. Let d be h(12). Suppose 3*n + 1221 = 3*c, d = 13*c - 9*c + 4*n. List the prime factors of c.
409
Let n(b) = 199*b + 1. Let x be n(1). Let l be (-2)/6*0/((-24)/4). Suppose l*c = c - x. What are the prime factors of c?
2, 5
Let n(m) = 36*m - 83*m + 53*m**2 + 38*m. Let u be n(-3). Let y = -226 + u. What are the prime factors of y?
2, 139
Let n(o) = -o**2 + 4*o - 4. Let p be n(2). Suppose p = -17*u + 20*u - 105. List the prime factors of u.
5, 7
Suppose 0 = 7*f - 17 - 32. Suppose -f*n = -17*n + 2100. List the prime factors of n.
2, 3, 5, 7
Let k = -2 - -6. Suppose 2*b - 6 = 2*w, -2*w + k*b = 1 + 15. Suppose d + 218 = 3*f + w*d, 288 = 4*f + 4*d. List the prime factors of f.
73
Suppose -25*l = -7*l - 126. Let x be (-20)/(-30) - l/(-3). Suppose x*y - 481 = -2*p, p - 4*y - 156 - 112 = 0. List the prime factors of p.
2, 31
Suppose 3 = 3*g, 3*k = -337*g + 335*g + 191069. What are the prime factors of k?
63689
Let m(v) be the second derivative of v**5/20 + 7*v**4/4 - 4*v**3 + 3*v**2 - 8*v + 7. List the prime factors of m(-20).
2, 443
Suppose 3*p - 3*l - 6 = -6*l, 0 = -p - 2*l + 6. What are the prime factors of (-2230)/15*9/p?
3, 223
Suppose 23 - 263 = 3*y. Let j be (y + 13)/(-2 + 1). What are the prime factors of (1 - j)*(-9 - -7)?
2, 3, 11
Let a(j) = 9*j - 4 - 8401*j**2 + 8418*j**2 + 1. List the prime factors of a(-7).
13, 59
Let w = 494 + -83. Suppose -3*c + w = 5*t, -t - 8*c + 5*c + 87 = 0. What are the prime factors of t?
3
Let a(i) = -i**3 - 5*i**2 + 6*i - 14. Let y(b) = 2*b**3 + 11*b**2 - 11*b + 28. Let u(n) = -5*a(n) - 2*y(n). What are the prime factors of u(6)?
2, 5, 29
Let y = 26 + -75. Let a = y - -49. Suppose -2*b - 3*p + 101 = -0*p, a = -3*b + 4*p + 160. What are the prime factors of b?
2, 13
List the prime factors of 16833/(-5)*(-10)/((-11)/((-209)/38)).
3, 31, 181
Let d = 18 + -14. Suppose 0 = -d*c + 5666 - 1266. List the prime factors of c.
2, 5, 11
Suppose -61*m + 58*m + 23146 = 4*b, 3*b = 2*m + 17351. List the prime factors of b.
5, 13, 89
Let w(d) be the third derivative of d**5/20 - d**4/2 + 3*d**3/2 - d**2 - 23. Let y(x) = 3*x - 7. Let g be y(5). List the prime factors of w(g).
3, 5, 7
Let r be (0 - 615)*(-16)/12. Suppose -823*p + 1548 = -r*p. List the prime factors of p.
2, 3, 43
Suppose 0 = -4*z - 5*t + 240262, z - 12350 - 47724 = 3*t. What are the prime factors of z?
2, 15017
What are the prime factors of (-252)/(-315) - 41361/(-5)?
8273
Suppose 106*i - 93*i + 260 = 0. Let j = i + 136. What are the prime factors of j?
2, 29
Suppose 15*c - 4271853 = 4*c - 56*c. List the prime factors of c.
3, 53, 401
Let n = 12860 + -5703. What are the prime factors of n?
17, 421
Let g(o) = 3*o + 1. Let w be g(-3). Let y(r) = -r - 8. Let h be y(w). Suppose h = k - 53 - 50. What are the prime factors of k?
103
Let f = -65 - -101. Let w(m) = m**2 - 23*m - 10. List the prime factors of w(f).
2, 229
Suppose 16*w + 25*w - 22591 = 0. Suppose 1711 = 5*j + b, -2*j + 3*b + 147 + w = 0. List the prime factors of j.
7
Suppose -5*r - 1 + 41 = 0. Suppose 199 - 7 = r*v. What are the prime factors of (-8)/v + 349/3?
2, 29
Let k be 20/(-6)*(3 - 30)*6. Suppose -2*y = -7*y + k. Suppose -2*g = z + 3*g - y, 4*z = 3*g + 501. List the prime factors of z.
3, 41
Let u = -197 + 197. Let y(v) = 19*v + 450. List the prime factors of y(u).
2, 3, 5
Let f(p) = -18*p + 106. Let j(u) = -9*u + 54. Let a(o) = -2*f(o) + 5*j(o). Suppose w - c + 0 + 15 = 0, 5*w + 78 = 2*c. What are the prime factors of a(w)?
2, 101
Suppose 20*p = -0*p + 23*p - 110394. What are the prime factors of p?
2, 3, 6133
Let x = 18058 + -6269. What are the prime factors of x?
11789
Suppose 0 = 20*g - 36 - 24. Suppose -2*w = -2*i + 6*i - 1464, g*i - 1098 = -5*w. List the prime factors of i.
2, 3, 61
Suppose 2*z = -5*k + 374459, 73*k + 224709 = 76*k - 3*z. What are the prime factors of k?
3, 5, 4993
Let q(j) = 258*j - 16. Suppose -11 = -13*a + 28. List the prime factors of q(a).
2, 379
List the prime factors of 1/(-2)*(-22439 - 161).
2, 5, 113
Suppose b = -3*b + 2*i + 104, 0 = -i + 4. Let z = b + -24. Suppose -377 = -5*n - 4*s, z*n - 5*s + 0*s - 277 = 0. What are the prime factors of n?
73
Let z(w) = 12507*w + 2169. What are the prime factors of z(3)?
2, 3, 5, 7
Suppose -c + 4*j = 4114, -3*c + 2*j = -j + 12360. List the prime factors of (6/(-12))/(9/c).
229
Let p = -88890 + 135087. List the prime factors of p.
3, 29, 59
Suppose -s = 3*l - 19455, -24509 = 3*s + 5*l - 82890. List the prime factors of s.
3, 7, 103
Suppose -67*f = -64*f - 3267. Suppose 0 = -7*u - 2*u + f. What are the prime factors of u?
11
Suppose -9*c - 480 = 1995. What are the prime factors of (-84)/(-3)*c/(-10)?
2, 5, 7, 11
Let c = -1136 + 1700. Suppose 10*w - 216 = c. Suppose b - w = 17. List the prime factors of b.
5, 19
Suppose 107 = 3*c - 4*k, -3*k + 5*k = -4. Suppose -772 - 311 = -19*w. Suppose 0 = 3*q - c - w. What are the prime factors of q?
2, 3, 5
Let m(y) = 7*y + 105. Let c be m(-15). Suppose -11*v - 4475 + 13396 = c. What are the prime factors of v?
811
Let i be 6*(47/42 + 4/(-14)). Let h be (-28)/35 - (-19)/i. Suppose s = -h*s + 704. What are the prime factors of s?
2, 11
Let r = 149 - 149. Suppose 11*k - 356 - 403 = r. List the prime factors of k.
3, 23
Suppose o - 4*o + 15 = -3*s, -3*o + s + 15 = 0. Suppose o*f - 969 = 1081. List the prime factors of f.
2, 5, 41
List the prime factors of 30539 - ((-1)/(-2))/((-27)/54).
2, 3, 5, 509
Let g = 96 - 94. Suppose -g*f = -9*f - 756. Let h = f + 133. What are the prime factors of h?
5
Let r(v) = 503*v**2 - 229*v - 16. List the prime factors of r(-7).
2, 13, 1009
